Let a(m) = -3*k(m) - s(m). Let v be a(2). Is 6*(-2 - (-718)/v) composite?
False
Suppose 5*t - 19 - 1 = 0. Is t/4 - (-264 - -2) a composite number?
False
Suppose 5*c + 98 = -2*m - 168, 4*c + 5*m + 206 = 0. Let r = 264 - c. Let g = -227 + r. Is g prime?
False
Suppose -r = -168 - 146. Let h(p) = 4*p**2 + 22*p - 15. Let t be h(5). Suppose r + t = x. Is x composite?
False
Suppose 3*t - 2 = 2*x - 0*x, 3*x = -3. Let j = t - 0. Suppose j = 4*d - 34 - 2. Is d a composite number?
True
Suppose 0*o - 2*o - 3*k = -9096, 4548 = o + 4*k. Suppose -4*y - 2*p + 18186 = 0, 0*p - o = -y + p. Is y prime?
True
Let b be 0 - (-5 - (-6)/2). Let s be -3 + 5 + 0 + b. Suppose -3*f = -3*y + 618, -s*y + 2*f - 171 = -993. Is y a prime number?
False
Suppose 5*j = 5099 + 24806. Is j prime?
True
Is (-28)/(-10)*1200555/54 composite?
True
Let k = 28 - 30. Is (k + -3 + 4)*-82 prime?
False
Suppose 4*y - 2796 = y. Suppose 0 = -5*u + 5*a - 4*a + 1590, 3*u - y = 5*a. Suppose -4*x - 4*s + 33 = -219, 5*x + 4*s = u. Is x composite?
False
Let r = -13339 - -30689. Suppose 6*w + 4*w = r. Is w prime?
False
Suppose 27*p - 23*p = d + 32233, -5*p + 40283 = -4*d. Is p a prime number?
True
Suppose 0 = -4*c + 8, -3*m - 3*c - 10 - 11 = 0. Let n = m + 23. Is n a prime number?
False
Let l(x) = 61*x - 85. Let d be l(-22). Is 3/9 + d/(-3) + 2 a prime number?
False
Suppose 0 = 50*b - 47*b - 48966. Is b a composite number?
True
Let g(o) = o**3 + 6*o**2 + 5*o + 6. Let p be g(-4). Let b be (-30)/4 - 2/4. Is (b + p)*26/4 a prime number?
False
Suppose -2*c - 10 = -l - 0*c, 5*c = 3*l - 30. Is (7025/l - 7) + 6/4 prime?
False
Let a be 280/(-6) - 12/(-18). Let q be (-1)/(3 - a/(-16)). Is ((-26)/q)/((-1)/(-8)) a prime number?
False
Let x = 7485 - 4234. Is x prime?
True
Is -5 + (-4 - -9) + 5536 - -3 a composite number?
True
Let y(f) = 4*f**2 + 18*f - 4. Let a be y(-5). Suppose 0 = -j - a*j + 6587. Is j a prime number?
True
Let v(s) = -3*s**2 + 7*s + 37. Let z be v(15). Let q = z + 1156. Is q a composite number?
True
Suppose 0 = -4*j + 4*s + 91476, 5*j + 3*s - 70520 - 43841 = 0. Is j a prime number?
True
Suppose 0 = -5*x - v + 62291, 3*x - 5*v = 23524 + 13873. Is x composite?
True
Suppose -7*p + 50439 = -121712. Is p a composite number?
False
Let m(k) be the third derivative of k**6/12 + k**5/15 - 7*k**4/24 + k**3 + 7*k**2. Let v(g) = -g**3 - g + 1. Let r(h) = -m(h) + 5*v(h). Is r(-4) a prime number?
True
Let z = -35 - -90. Let t = z + 12. Is t composite?
False
Suppose 0 = -2*i + 2*l + 368, -2*l - 527 = -3*i - 4*l. Is i a prime number?
True
Let b(s) = 2*s**2 - 6*s. Let z be b(-9). Let d = z - -1151. Is d a prime number?
True
Let j be (-16)/40 - (-4)/10. Suppose 2*k - 5*k + 942 = j. Is k prime?
False
Suppose -3*r - 4*h = -6*h + 2, h = -4*r + 1. Let j be ((1 - 1)/(-3))/(-1). Suppose j = -r*s + s - 199. Is s composite?
False
Let d = 1674 - 660. Let z = d + -551. Is z prime?
True
Is ((-32)/24)/(16/(-54564)) composite?
False
Suppose 3*x = -2*r - 588, -5*r - 1176 = -r + 4*x. Let l = r + 1495. Is l a prime number?
True
Let y(g) = -153*g - 8. Let a be y(-7). Let r = a + -176. Is r prime?
True
Let o(l) = -29*l - 3. Let u = -28 + 24. Is o(u) prime?
True
Suppose -471 - 122 = -2*t - q, 0 = 5*t - 2*q - 1496. Is t a prime number?
False
Let r = -3 + 23. Let o be 4/r - (-22)/(-10). Is (-87)/o*10/3 composite?
True
Let t(d) = d**3 - 14*d**2 - d - 54. Let z be t(16). Suppose 4*w - 270 = z. Is w a prime number?
False
Let b = 43540 - 18131. Is b composite?
False
Let f = 16 + -12. Suppose f*a + 15 = 5*a. Is ((-18)/a)/(1/(-5)) prime?
False
Let d = -26 - -32. Suppose -3*b = 4*p - 2573, -2*b + d*b = -2*p + 3444. Is b prime?
True
Suppose -y + 2 = 3*s - 15, 3*s = -5*y + 25. Suppose -52 = s*x + 48. Is ((-310)/x)/((-1)/(-2)) composite?
False
Suppose -406*c + 403*c = -1563. Is c prime?
True
Suppose -2*h + 34 = -0*h. Suppose h*l = 19*l - 1382. Is l prime?
True
Suppose 0 = 14*k - 62059 + 11757. Is k composite?
False
Let d(n) = 205*n**3 + n**2 + 7*n - 22. Is d(3) a composite number?
True
Let h(i) = 21*i + 14. Let d be h(12). Let b = -175 + d. Is b composite?
True
Let a(r) = 11*r**3 - r**3 - 3*r - r**3 - 8*r**2 + 9 + 2*r**3. Let b be a(6). Is 2/4 + b/22 a prime number?
False
Let y(p) = 52*p**3 + p**2. Let h be y(-1). Let a = h - -25. Let i = 135 - a. Is i composite?
True
Let n = 16271 - 9645. Is n prime?
False
Let s be 26 - (-1)/1 - -4. Let h(c) = -c - 6. Let u be h(-9). Suppose l - 3 = u*f, -4*f - 5 + s = 2*l. Is l a composite number?
True
Let s(r) = 246*r**3 - 3*r**2 - 24*r + 74. Is s(3) a composite number?
True
Let h(r) = -r**3 + 34*r**2 + 2. Let u be h(34). Let m = 573 + -277. Suppose -3*b - 5*z = -420, 0 = -u*b + 2*z - 0*z + m. Is b a composite number?
True
Let g(p) = -63*p + 6. Let h be g(-9). Suppose 4*l + m = 1149, -h = -2*l - 0*l - m. Suppose -5*t = -1607 - l. Is t composite?
False
Let i = 194 - -169. Suppose 3*c + 373 = 2*j, -3*j + j = -c - i. Is j prime?
True
Suppose 2*p = -2*p + 12. Let j(t) = -2*t. Let g(m) = 3*m + 1. Let i(z) = p*j(z) + 4*g(z). Is i(3) prime?
False
Let k = 1742 + 197. Is k composite?
True
Is (-207211)/(-5) - 132/(-165) a prime number?
True
Let o = 156 + 15. Let m = 254 - o. Is m a composite number?
False
Suppose 2*h - 7586 = -3*y, -4097 + 330 = -h + 5*y. Is h a prime number?
False
Suppose -3*z - 2 = -r, -3*r + 8*r + z = -38. Let d be 218/(-4)*(-9 - r). Suppose -2*v = 4*u - 62, 3*v + u - d = 3*u. Is v a prime number?
False
Suppose -3*g - 4*r - 11 = 0, -2*g + r = -g - 8. Suppose -v = g*z - 274, -2*z = -4*v - 78 - 100. Is z a composite number?
True
Suppose 0 = -0*u - 5*u - 3*x + 110, -5*u + 5*x = -70. Suppose -u*g = -22*g. Let p(k) = -k**3 + 467. Is p(g) a composite number?
False
Suppose 15134 = -12*m + 26*m. Is m prime?
False
Suppose -4*n = -12*n + 32. Suppose 2*f = -n, 3*c = -f - 3*f - 212. Is 0 - (c + (-3)/(-1)) prime?
False
Let h be 33/6 - (-3)/(-2). Let u(z) = -20*z - 5. Let k be u(h). Is (28/20 + -2)*k a prime number?
False
Let s(x) = 5180*x**2 - 3*x + 2. Is s(1) prime?
True
Suppose 39*g - 59050 = -16891. Is g a prime number?
False
Suppose 0 = -5*f + 1056 + 534. Suppose -l + 64 = 4*k - f, -4*l + 293 = 3*k. Is k composite?
True
Let m = 34 - 30. Suppose 5*z - 3361 = u, 2166 - 131 = 3*z + m*u. Is z a prime number?
True
Suppose 31*t - 36*t = 1995. Let j = t + 780. Is j a composite number?
True
Suppose 2*o - 18657 = -o. Suppose 4*c = -5*c + o. Is c composite?
False
Let g = -138 + 265. Is g a composite number?
False
Let r be 1*(1 + 3) + (2 - 0). Is (r/(-9))/((-3)/63) prime?
False
Let w(s) = 2*s**3 + s**2 - 2*s - 78. Is w(19) composite?
False
Suppose -13*g + 9*g - 2*w = -2588, -g = 3*w - 647. Is g prime?
True
Suppose -4796 = -8*r - 1780. Is r a composite number?
True
Suppose 2997 = t - 1424. Is t prime?
True
Let b(l) = -9*l - 172. Is b(-25) a composite number?
False
Let b(t) be the first derivative of -208*t**3/3 - 3*t**2/2 + 7. Let u be b(-2). Let f = -507 - u. Is f composite?
True
Let j(b) = -b**2 - 7*b - 7. Let s be j(-5). Let u = 312 - 163. Is (s - 0)*u/3 a composite number?
False
Let m(h) = 12*h**3 - h**2 + 2*h + 2. Suppose 3*r + o - 4 = 0, -3*o = -5*r + 33 - 3. Is m(r) a composite number?
True
Let j(m) = -m + 5. Let r be j(7). Let y be (-65)/(-10)*(r - 0). Let a = y + 87. Is a a composite number?
True
Let c(w) = -w**2 + 6*w - 2. Let y be c(5). Suppose 2*t - 4*v = -4, 0 = -0*t - y*t - 3*v + 12. Is 135 + (-4)/t + 0 prime?
False
Suppose -2*g - 9 = -5*g. Suppose g*a + 2*z - 4 = 0, 5*a - 2*z = -7*z. Suppose s - 1 = 0, 3*n = -0*n - a*s + 205. Is n a prime number?
True
Suppose 531*g - 538*g + 182371 = 0. Is g a prime number?
True
Let u(k) = -3477*k - 82. Is u(-13) a composite number?
False
Let i(z) be the second derivative of 4*z**5 - z**4/4 + z**2 - 8*z. Is i(1) prime?
True
Suppose 0 = -4*a - 68 - 52. Let v = a + 26. Is (v + 3)*-1*49 a prime number?
False
Let d = -2592 - 636. Let p = d - -4571. Suppose 3*n - p = -86. Is n composite?
False
Let q(b) = -1153*b + 472. Is q(-55) prime?
False
Suppose -4*w + 5*w = 587. Suppose -19*n - w = -20*n. Is n composite?
False
Let q be 4/4*(1 + 4). Suppose -399 = -q*l + 901. Suppose -x - l = -4*w, -x = 2*w + 74 - 204. Is w prime?
False
Suppose 0 = -6*t + 15 + 21. Let c be 4/(-10) - 6138/5. Is t/4 - c/8 composite?
True
Let t(r) = 2*r + 3. Let u be t(0). Suppose -u*d = -105 - 0. Is d 